{"id":103,"date":"2016-08-30T15:20:05","date_gmt":"2016-08-30T15:20:05","guid":{"rendered":"http:\/\/homepage.behrendt-text.de\/?page_id=103"},"modified":"2016-09-16T13:05:42","modified_gmt":"2016-09-16T13:05:42","slug":"honorare","status":"publish","type":"page","link":"https:\/\/behrendt-text.de\/?page_id=103","title":{"rendered":"Honorare"},"content":{"rendered":"<p>Honorare sind ein sensibles Thema \u2013 kein Mensch stellt gerne einfach Zahlen in den Raum. Dennoch m\u00f6chten Sie als Auftraggeber eine Ahnung davon bekommen, was Sie die gew\u00fcnschte Leistung kosten k\u00f6nnte. Verst\u00e4ndlich.<\/p>\n<p>Da jeder Auftrag von Art und Umfang her seine Besonderheiten hat, muss jeweils individuell verhandelt werden. Festzulegen ist dabei auch, welcher Honorierungsmodus der sinnvollste ist: nach Zeichenzahl, nach Anzahl der Seiten, nach Stunden, nach halben\/ganzen Tagen oder pauschal.<\/p>\n<p>Eine grobe erste Orientierung soll Ihnen die folgende Aufstellung geben.<\/p>\n<p><span style=\"color: #ff6600;\"><b>Lektorat nach Anzahl der Seiten\/Zeichen<\/b><\/span><\/p>\n<p>Erstlektorat von Manuskripten und Texten, je nach Anspruch, Komplexit\u00e4t und Verantwortungsgehalt des Auftrags:<\/p>\n<p>7,00 bis 12,00 Euro pro Seite (ca. 1.500 Zeichen inkl. Leerzeichen)*<\/p>\n<p><span style=\"color: #ff6600;\"><b>Lektorat nach Stunden<\/b><\/span><\/p>\n<p>Je nach Anspruch, Komplexit\u00e4t und Verantwortungsgehalt des Auftrags:<\/p>\n<p>35,00 bis 50,00 Euro pro Stunde*<\/p>\n<p><span style=\"color: #ff6600;\"><b>Tagess\u00e4tze Lektorat<\/b><\/span><\/p>\n<p>Je nach Anspruch, Komplexit\u00e4t und Verantwortungsgehalt des Auftrags:<\/p>\n<p>350,00 bis 500,00\u00a0Euro pro Tag*<\/p>\n<p>beziehungsweise<\/p>\n<p>180,00 bis 240,00 Euro pro \u00bd Tag*<\/p>\n<p>Bei erheblich komplexeren Texten, erh\u00f6htem Recherche-Aufwand und Zusatzleistungen wie gr\u00fcndlichem Redigieren und \u00dcberarbeiten wird ein entsprechend h\u00f6heres Honorar angesetzt.<\/p>\n<p><span style=\"color: #ff6600;\"><b>Storys, Features, Interviews, Reportagen<\/b><\/span><\/p>\n<p>Zu den jeweils verlags- bzw. redaktions\u00fcblichen S\u00e4tzen**<\/p>\n<p><span style=\"color: #ff6600;\"><b>Grundlegende textliche \u00dcberarbeitungen (Manuskripte, Websites u. a.) <\/b><\/span><\/p>\n<p>50 Euro pro Stunde***<br \/>\n500 Euro pro Tag***<\/p>\n<p><span style=\"color: #ff6600;\"><b>Redaktion\/Schlussredaktion<\/b><\/span><\/p>\n<p>50 Euro pro Stunde***<br \/>\n500 Euro pro Tag***<\/p>\n<p>* zzgl. 19 % USt.<br \/>\n** zzgl. 7 % USt.<br \/>\n*** zzgl. 7 oder 19 % USt., je nach Schwerpunkt der T\u00e4tigkeit<\/p>\n","protected":false},"excerpt":{"rendered":"<p>Honorare sind ein sensibles Thema \u2013 kein Mensch stellt gerne einfach Zahlen in den Raum. Dennoch m\u00f6chten Sie als Auftraggeber eine Ahnung davon bekommen, was Sie die gew\u00fcnschte Leistung kosten k\u00f6nnte. Verst\u00e4ndlich. Da jeder Auftrag von Art und Umfang her seine Besonderheiten hat, muss jeweils individuell verhandelt werden. Festzulegen ist dabei auch, welcher Honorierungsmodus der <a href=\"https:\/\/behrendt-text.de\/?page_id=103\" class=\"more-link\">...weiterlesen<span class=\"screen-reader-text\"> \"Honorare\"<\/span><\/a><\/p>\n","protected":false},"author":1,"featured_media":125,"parent":0,"menu_order":0,"comment_status":"closed","ping_status":"closed","template":"","meta":{"footnotes":""},"class_list":["post-103","page","type-page","status-publish","has-post-thumbnail","h-entry","hentry","h-as-page"],"aioseo_notices":[],"_links":{"self":[{"href":"https:\/\/behrendt-text.de\/index.php?rest_route=\/wp\/v2\/pages\/103","targetHints":{"allow":["GET"]}}],"collection":[{"href":"https:\/\/behrendt-text.de\/index.php?rest_route=\/wp\/v2\/pages"}],"about":[{"href":"https:\/\/behrendt-text.de\/index.php?rest_route=\/wp\/v2\/types\/page"}],"author":[{"embeddable":true,"href":"https:\/\/behrendt-text.de\/index.php?rest_route=\/wp\/v2\/users\/1"}],"replies":[{"embeddable":true,"href":"https:\/\/behrendt-text.de\/index.php?rest_route=%2Fwp%2Fv2%2Fcomments&post=103"}],"version-history":[{"count":3,"href":"https:\/\/behrendt-text.de\/index.php?rest_route=\/wp\/v2\/pages\/103\/revisions"}],"predecessor-version":[{"id":346,"href":"https:\/\/behrendt-text.de\/index.php?rest_route=\/wp\/v2\/pages\/103\/revisions\/346"}],"wp:featuredmedia":[{"embeddable":true,"href":"https:\/\/behrendt-text.de\/index.php?rest_route=\/wp\/v2\/media\/125"}],"wp:attachment":[{"href":"https:\/\/behrendt-text.de\/index.php?rest_route=%2Fwp%2Fv2%2Fmedia&parent=103"}],"curies":[{"name":"wp","href":"https:\/\/api.w.org\/{rel}","templated":true}]}}