{"id":93,"date":"2016-08-30T15:14:15","date_gmt":"2016-08-30T15:14:15","guid":{"rendered":"http:\/\/homepage.behrendt-text.de\/?page_id=93"},"modified":"2016-09-16T13:09:12","modified_gmt":"2016-09-16T13:09:12","slug":"angebot","status":"publish","type":"page","link":"https:\/\/behrendt-text.de\/?page_id=93","title":{"rendered":"Leistungen"},"content":{"rendered":"<p class=\"mbFett\"><span style=\"color: #ff6600;\"><strong>Journalistische Texte (Zeitschriften- und Buchbeitr\u00e4ge)<\/strong><\/span><\/p>\n<ul class=\"mbText\">\n<li>Editorials<\/li>\n<li>Features<\/li>\n<li>Interviews<\/li>\n<li>Portr\u00e4ts<\/li>\n<li>Reportagen<\/li>\n<\/ul>\n<p class=\"mbFett\"><strong><span style=\"color: #ff6600;\">Textliche Dienstleistungen<\/span><\/strong><\/p>\n<ul class=\"mbText\">\n<li>Pressemitteilungen\/Pressemappen<\/li>\n<li>Firmenprofile<\/li>\n<li>Chroniken<\/li>\n<li>Redigieren\/\u00dcberarbeiten von Manuskripten, Websites u.a.<\/li>\n<\/ul>\n<p class=\"mbFett\"><span style=\"color: #ff6600;\"><strong>Lektorat\/Korrektorat\/Schlussredaktion<\/strong><\/span><\/p>\n<ul class=\"mbText\">\n<li>Lektorieren\/Korrigieren<\/li>\n<li>Verfassen von Headlines, Sublines, Anlesetexten und Bildunterschriften<\/li>\n<li>Seitenkontrolle<\/li>\n<li>Schlusskorrektur<\/li>\n<\/ul>\n<p class=\"mbFett\"><span style=\"color: #ff6600;\"><strong>\u00dcbersetzungen (in begrenztem Umfang)<\/strong><\/span><\/p>\n<ul class=\"mbText\">\n<li>Englisch\/Deutsch<\/li>\n<li>Deutsch\/Englisch<\/li>\n<\/ul>\n<p class=\"mbFett\"><span style=\"color: #ff6600;\"><strong>Konzeption\/Redaktionelle Komplettl\u00f6sungen*<\/strong><\/span><\/p>\n<ul class=\"mbText\">\n<li>Brosch\u00fcren<\/li>\n<li>Unternehmensdarstellungen<\/li>\n<li>Zeitschriften<\/li>\n<li>B\u00fccher<\/li>\n<\/ul>\n<p class=\"mbText\">* Umsetzung in Zusammenarbeit mit Grafikstudios und Druckereien<\/p>\n","protected":false},"excerpt":{"rendered":"<p>Journalistische Texte (Zeitschriften- und Buchbeitr\u00e4ge) Editorials Features Interviews Portr\u00e4ts Reportagen Textliche Dienstleistungen Pressemitteilungen\/Pressemappen Firmenprofile Chroniken Redigieren\/\u00dcberarbeiten von Manuskripten, Websites u.a. Lektorat\/Korrektorat\/Schlussredaktion Lektorieren\/Korrigieren Verfassen von Headlines, Sublines, Anlesetexten und Bildunterschriften Seitenkontrolle Schlusskorrektur \u00dcbersetzungen (in begrenztem Umfang) Englisch\/Deutsch Deutsch\/Englisch Konzeption\/Redaktionelle Komplettl\u00f6sungen* Brosch\u00fcren Unternehmensdarstellungen Zeitschriften B\u00fccher * Umsetzung in Zusammenarbeit mit Grafikstudios und Druckereien<\/p>\n","protected":false},"author":1,"featured_media":82,"parent":0,"menu_order":0,"comment_status":"closed","ping_status":"closed","template":"","meta":{"footnotes":""},"class_list":["post-93","page","type-page","status-publish","has-post-thumbnail","h-entry","hentry","h-as-page"],"aioseo_notices":[],"_links":{"self":[{"href":"https:\/\/behrendt-text.de\/index.php?rest_route=\/wp\/v2\/pages\/93","targetHints":{"allow":["GET"]}}],"collection":[{"href":"https:\/\/behrendt-text.de\/index.php?rest_route=\/wp\/v2\/pages"}],"about":[{"href":"https:\/\/behrendt-text.de\/index.php?rest_route=\/wp\/v2\/types\/page"}],"author":[{"embeddable":true,"href":"https:\/\/behrendt-text.de\/index.php?rest_route=\/wp\/v2\/users\/1"}],"replies":[{"embeddable":true,"href":"https:\/\/behrendt-text.de\/index.php?rest_route=%2Fwp%2Fv2%2Fcomments&post=93"}],"version-history":[{"count":3,"href":"https:\/\/behrendt-text.de\/index.php?rest_route=\/wp\/v2\/pages\/93\/revisions"}],"predecessor-version":[{"id":351,"href":"https:\/\/behrendt-text.de\/index.php?rest_route=\/wp\/v2\/pages\/93\/revisions\/351"}],"wp:featuredmedia":[{"embeddable":true,"href":"https:\/\/behrendt-text.de\/index.php?rest_route=\/wp\/v2\/media\/82"}],"wp:attachment":[{"href":"https:\/\/behrendt-text.de\/index.php?rest_route=%2Fwp%2Fv2%2Fmedia&parent=93"}],"curies":[{"name":"wp","href":"https:\/\/api.w.org\/{rel}","templated":true}]}}